vided by 13?
12
Calculate the remainder when 145 is divided by 2.
1
What is the remainder when 1331 is divided by 22?
11
What is the remainder when 1706 is divided by 171?
167
What is the remainder when 503 is divided by 296?
207
Calculate the remainder when 1172 is divided by 124.
56
Calculate the remainder when 292 is divided by 1.
0
Calculate the remainder when 3842 is divided by 21.
20
Calculate the remainder when 1229 is divided by 52.
33
What is the remainder when 2068 is divided by 344?
4
What is the remainder when 1005 is divided by 144?
141
What is the remainder when 247 is divided by 25?
22
What is the remainder when 1798 is divided by 200?
198
Calculate the remainder when 276 is divided by 19.
10
Calculate the remainder when 1478 is divided by 29.
28
Calculate the remainder when 500 is divided by 17.
7
What is the remainder when 1735 is divided by 22?
19
What is the remainder when 5713 is divided by 19?
13
Calculate the remainder when 95 is divided by 16.
15
Calculate the remainder when 64 is divided by 53.
11
What is the remainder when 157 is divided by 53?
51
What is the remainder when 2890 is divided by 596?
506
What is the remainder when 660 is divided by 51?
48
Calculate the remainder when 5144 is divided by 50.
44
What is the remainder when 311 is divided by 93?
32
What is the remainder when 583 is divided by 15?
13
What is the remainder when 26 is divided by 10?
6
Calculate the remainder when 677 is divided by 136.
133
Calculate the remainder when 273 is divided by 12.
9
Calculate the remainder when 472 is divided by 174.
124
What is the remainder when 1847 is divided by 6?
5
Calculate the remainder when 1330 is divided by 95.
0
What is the remainder when 694 is divided by 139?
138
What is the remainder when 6858 is divided by 47?
43
Calculate the remainder when 6 is divided by 3.
0
Calculate the remainder when 10728 is divided by 145.
143
What is the remainder when 7653 is divided by 11?
8
Calculate the remainder when 549 is divided by 263.
23
Calculate the remainder when 126 is divided by 37.
15
What is the remainder when 52 is divided by 33?
19
Calculate the remainder when 2961 is divided by 38.
35
What is the remainder when 2963 is divided by 69?
65
Calculate the remainder when 364 is divided by 27.
13
What is the remainder when 124 is divided by 9?
7
What is the remainder when 105 is divided by 1?
0
What is the remainder when 41 is divided by 21?
20
What is the remainder when 2796 is divided by 67?
49
What is the remainder when 5312 is divided by 11?
10
Calculate the remainder when 442 is divided by 6.
4
Calculate the remainder when 157 is divided by 32.
29
What is the remainder when 6070 is divided by 23?
21
Calculate the remainder when 378 is divided by 20.
18
Calculate the remainder when 57 is divided by 18.
3
Calculate the remainder when 82 is divided by 76.
6
What is the remainder when 14035 is divided by 58?
57
Calculate the remainder when 227 is divided by 87.
53
What is the remainder when 57 is divided by 21?
15
What is the remainder when 387 is divided by 104?
75
What is the remainder when 349 is divided by 71?
65
What is the remainder when 181 is divided by 31?
26
What is the remainder when 44 is divided by 35?
9
What is the remainder when 317 is divided by 78?
5
Calculate the remainder when 96 is divided by 28.
12
Calculate the remainder when 1327 is divided by 4.
3
What is the remainder when 6891 is divided by 383?
380
Calculate the remainder when 1510 is divided by 13.
2
Calculate the remainder when 189 is divided by 45.
9
What is the remainder when 2261 is divided by 154?
105
What is the remainder when 117 is divided by 15?
12
Calculate the remainder when 134 is divided by 67.
0
What is the remainder when 1843 is divided by 70?
23
Calculate the remainder when 179 is divided by 26.
23
Calculate the remainder when 290 is divided by 73.
71
Calculate the remainder when 162 is divided by 152.
10
Calculate the remainder when 368 is divided by 53.
50
Calculate the remainder when 239 is divided by 49.
43
What is the remainder when 1473 is divided by 40?
33
What is the remainder when 2302 is divided by 763?
13
Calculate the remainder when 555 is divided by 28.
23
What is the remainder when 1199 is divided by 245?
219
What is the remainder when 3764 is divided by 59?
47
Calculate the remainder when 1598 is divided by 32.
30
Calculate the remainder when 243 is divided by 132.
111
What is the remainder when 33 is divided by 15?
3
What is the remainder when 2713 is divided by 23?
22
Calculate the remainder when 680 is divided by 76.
72
What is the remainder when 2095 is divided by 50?
45
Calculate the remainder when 1056 is divided by 488.
80
What is the remainder when 426 is divided by 18?
12
Calculate the remainder when 279 is divided by 79.
42
Calculate the remainder when 251 is divided by 42.
41
What is the remainder when 123 is divided by 21?
18
What is the remainder when 718 is divided by 123?
103
Calculate the remainder when 64 is divided by 11.
9
What is the remainder when 144 is divided by 16?
0
What is the remainder when 197 is divided by 40?
37
Calculate the remainder when 69 is divided by 25.
19
Calculate the remainder when 1857 is divided by 49.
44
Calculate the remainder when 12373 is divided by 34.
31
Calculate the remainder when 4507 is divided by 4504.
3
What is the remainder when 200 is divided by 38?
10
What is the remainder when 332 is divided by 16?
12
Calculate the remainder when 44 is divided by 19.
6
Calculate the remainder when 753 is divided by 37.
13
What is the remainder when 697 is divided by 178?
163
What is the remainder when 736 is divided by 37?
33
What is the remainder when 238 is divided by 162?
76
Calculate the remainder when 2490 is divided by 39.
33
Calculate the remainder when 12 is divided by 6.
0
What is the remainder when 23590 is divided by 4716?
10
What is the remainder when 234 is divided by 12?
6
What is the remainder when 589 is divided by 72?
13
What is the remainder when 413 is divided by 31?
10
What is the remainder when 2658 is divided by 76?
74
Calculate the remainder when 1259 is divided by 84.
83
Calculate the remainder when 148 is divided by 17.
12
What is the remainder when 479 is divided by 359?
120
What is the remainder when 170 is divided by 30?
20
What is the remainder when 209 is divided by 173?
36
What is the remainder when 57 is divided by 20?
17
What is the remainder when 145 is divided by 21?
19
Calculate the remainder when 84 is divided by 11.
7
Calculate the remainder when 5687 is divided by 2841.
5
Calculate the remainder when 68 is divided by 6.
2
What is the remainder when 1604 is divided by 161?
155
What is the remainder when 128 is divided by 5?
3
What is the remainder when 325 is divided by 28?
17
What is the remainder when 142 is divided by 40?
22
What is the remainder when 214 is divided by 90?
34
What is the remainder when 4584 is divided by 102?
96
Calculate the remainder when 135 is divided by 90.
45
What is the remainder when 248 is divided by 135?
113
What is the remainder when 168 is divided by 59?
50
Calculate the remainder when 13109 is divided by 88.
85
Calculate the remainder when 16128 is divided by 127.
126
What is the remainder when 312 is divided by 216?
96
Calculate the remainder when 155 is divided by 49.
8
Calculate the remainder when 434 is divided by 95.
54
Calculate the remainder when 74 is divided by 4.
2
What is the remainder when 1376 is divided by 9?
8
Calculate the remainder when 339 is divided by 50.
39
What is the remainder when 569 is divided by 19?
18
What is the remainder when 818 is divided by 406?
6
Calculate the remainder when 50 is divided by 10.
0
What is the remainder when 155 is divided by 34?
19
What is the remainder when 872 is divided by 436?
0
What is the remainder when 2213 is divided by 82?
81
Calculate the remainder when 3768 is divided by 102.
96
Calculate the remainder when 182 is divided by 37.
34
Calculate the remainder when 4099 is divided by 1362.
13
Calculate the remainder when 805 is divided by 26.
25
What is the remainder when 538 is divided by 186?
166
What is the remainder when 306 is divided by 104?
98
Calculate the remainder when 20623 is divided by 165.
163
Calculate the remainder whe